 base 4.
-11113321030
-3872 (base 9) to base 4
-231110
What is 21213566 (base 7) in base 10?
1802072
-111112011211 (base 3) to base 15
-53d2a
252335502 (base 6) to base 12
1774592
-3b8341 (base 14) to base 7
-23332611
11110001100001010 (base 2) to base 3
20021121221
Convert 89c74a (base 13) to base 2.
1100011010101011011010
Convert -22202121010 (base 3) to base 9.
-282533
Convert -1220111222211 (base 3) to base 9.
-1814884
What is -21010211012212 (base 3) in base 7?
-44155052
Convert -101000110010011011 (base 2) to base 11.
-10457a
23716430 (base 8) to base 5
2313430220
10200104030 (base 5) to base 4
220033303303
211232122 (base 4) to base 11
a6105
What is -329cd4 (base 14) in base 12?
-6a9b42
What is -33012222 (base 7) in base 15?
-3ac86c
What is -152252565 (base 7) in base 12?
-34a2223
Convert 112102110121020 (base 3) to base 13.
1785327
What is -1402430 (base 6) in base 8?
-231022
Convert -1567483 (base 9) to base 15.
-123389
Convert -1873034 (base 11) to base 15.
-428341
-7a61b (base 12) to base 4
-213313313
What is -bdab5b (base 14) in base 6?
-350050353
-35a191 (base 12) to base 5
-210231314
407531 (base 11) to base 4
2133231100
Convert 1211120 (base 4) to base 13.
2c51
15132460 (base 8) to base 5
1341014011
What is 393b350 (base 12) in base 9?
23201066
112220202220 (base 3) to base 9
486686
-5e5b8 (base 15) to base 4
-1021221221
What is -1653216 (base 7) in base 15?
-48976
1111011010010110000101 (base 2) to base 6
222332005
Convert -11000304 (base 6) to base 9.
-547134
Convert 27017 (base 11) to base 6.
454441
Convert -18a10 (base 15) to base 12.
-3a296
Convert 110012211120 (base 3) to base 8.
725502
Convert 2414101 (base 6) to base 7.
1035064
Convert -32506733 (base 8) to base 9.
-14123044
3953745 (base 10) to base 15
531730
Convert -4f6bd6 (base 16) to base 10.
-5204950
-47218 (base 13) to base 4
-133232332
Convert 46a30 (base 14) to base 11.
108362
Convert 564a1 (base 15) to base 13.
97ba9
Convert 10010001001011000100 (base 2) to base 3.
1010012200021
Convert 31110234 (base 5) to base 9.
426151
Convert -2613048 (base 10) to base 15.
-369383
Convert a00b (base 16) to base 12.
1b863
What is 1000110100110100010 (base 2) in base 15?
5aa41
Convert 330011113 (base 4) to base 15.
4cdbd
58953a (base 11) to base 10
935010
Convert -6b3576 (base 12) to base 3.
-10020202010000
What is -1111110101110111100 (base 2) in base 3?
-222101001221
Convert 122112010022 (base 3) to base 12.
147722
Convert 343504 (base 7) to base 5.
3430203
Convert 10102210000212 (base 3) to base 6.
103050252
Convert 361857 (base 9) to base 15.
44897
555254 (base 11) to base 14
190960
-110100010000110110 (base 2) to base 6
-4331022
Convert -1505152 (base 6) to base 8.
-251234
What is -3546223 (base 9) in base 15?
-27dee9
What is 10000021111 (base 3) in base 6?
1134151
-1211310133 (base 4) to base 7
-3354622
What is -120322330 (base 4) in base 15?
-203a1
Convert -120001233 (base 4) to base 3.
-12000000000
What is 1d1dc6 (base 14) in base 11?
652438
23322 (base 7) to base 16
176a
-43014040 (base 6) to base 4
-10310011020
What is 11012001120122 (base 3) in base 2?
1000011111010010110010
Convert 4dcef0 (base 16) to base 4.
103130323300
212012221222 (base 3) to base 12
1a05bb
What is 1134321100 (base 5) in base 15?
375900
What is 233091 (base 12) in base 15?
b26ca
Convert -202001111222 (base 3) to base 13.
-10a8b8
Convert 535352 (base 9) to base 15.
64728
Convert 2b078 (base 12) to base 15.
12e32
-565883 (base 13) to base 15
-2a47d5
What is 522300012 (base 6) in base 15?
be3b85
What is 1420213 (base 6) in base 14?
21453
1da2365 (base 14) to base 11
8465316
Convert 40142134 (base 6) to base 2.
100010100101010001010
-7e091 (base 16) to base 12
-20a901
What is -1001111001110110001 (base 2) in base 9?
-544147
What is 122133200320 (base 4) in base 7?
113013205
Convert 461145 (base 7) to base 10.
82059
Convert -3141001 (base 7) to base 12.
-16389a
Convert -2caa4 (base 14) to base 10.
-111864
Convert -873539 (base 10) to base 9.
-1571238
What is -123423540 (base 6) in base 9?
-4478346
Convert 14438 (base 10) to base 2.
11100001100110
What is 4897b (base 16) in base 2?
1001000100101111011
-1720880 (base 10) to base 12
-6aba68
What is -1002210020011021 (base 3) in base 6?
-1323141141
112b68b (base 14) to base 15
ab7650
873225 (base 11) to base 2
101010100100111010101
-1030220321 (base 4) to base 8
-1145071
What is 44499aa (base 12) in base 11?
73a6596
Convert -11747456 (base 9) to base 10.
-5759475
What is -136a10 (base 14) in base 6?
-22220502
-3048138 (base 9) to base 13
-44c447
What is 11464160 (base 7) in base 8?
3720441
565ed (base 16) to base 11
221882
Convert -62db5 (base 16) to base 7.
-3304342
Convert 213040303 (base 5) to base 4.
3131320130
What is -382a92a (base 11) in base 4?
-121112300110
-b793 (base 15) to base 16
-97b6
520284 (base 12) to base 5
312123040
What is -66c33 (base 13) in base 9?
-313883
-1414891 (base 10) to base 14
-28b8b9
What is 432204 (base 7) in base 3?
10211011220
What is -2656562 (base 8) in base 7?
-6221324
What is 211220011212 (base 3) in base 9?
756155
Convert 64630 (base 7) to base 6.
202301
1c7ba (base 13) to base 7
323012
What is -21030040 (base 6) in base 7?
-5121465
Convert -5f732d (base 16) to base 4.
-113313030231
52147 (base 12) to base 13
39b17
What is a4781 (base 16) in base 3?
1021020002120
What is -78948 (base 10) in base 14?
-20ab2
-11031035 (base 6) to base 13
-b76bc
Convert -22332112 (base 5) to base 4.
-300211320
Convert 89e6c5 (base 16) to base 13.
1b45750
Convert -2321154 (base 7) to base 11.
-189662
What is 1c23a4 (base 15) in base 6?
45243114
Convert -100010 (base 3) to base 16.
-f6
211220102121 (base 3) to base 6
13355111
What is 36052213 (base 7) in base 4?
30022221022
Convert -266662 (base 7) to base 11.
-34973
93320a (base 12) to base 7
25416316
2010011111101 (base 3) to base 12
4631b4
What is 324410 (base 16) in base 3?
20012100211022
What is -11021102110 (base 3) in base 5?
-10143034
Convert -7b33a (base 12) to base 9.
-270751
23be76 (base 15) to base 12
6a6203
Convert -4e3a3 (base 16) to base 12.
-135517
-426787 (base 10) to base 13
-11c34a
Convert 593302 (base 11) to base 7.
11000361
What is -6efb (base 16) in base 15?
-8641
Convert 200102120 (base 4) to base 13.
4826c
204120 (base 7) to base 14
cab7
Convert -1100010101101001 (base 2) to base 3.
-2120022202
Convert 41e30 (base 15) to base 6.
4251530
What is -1314424111 (base 5) in base 4?
-30200300202
Convert 7471702 (base 8) to base 9.
3671540
Convert -2414224203 (base 5) to base 3.
-101120101122220
-100122021000 (base 3) to base 11
-11a601
What is -37baec (base 15) in base 10?
-2672097
What is -a25460 (base 11) in base 16?
-192195
Convert -13231002123 (base 4) to base 6.
-111141243
-214586 (base 10) to base 7
-1552421
-6522b (base 13) to base 8
-544706
What is -45282 (base 10) in base 7?
-246006
Convert 2232243 (base 11) to base 4.
32323012202
What is -137cdb (base 16) in base 11?
-7a25a3
Convert 15688646 (base 10) to base 2.
111011110110001111000110
What is -440305 (base 11) in base 2?
-10101011101010100000
77460 (base 9) to base 4
30203100
Convert 14a384 (base 14) to base 10.
719632
Convert 108543 (base 10) to base 16.
1a7ff
Convert 130033221201 (base 4) to base 2.
11100001111101001100001
15d03 (base 15) to base 6
1302020
Convert -20121021210 (base 3) to base 16.
-1fbb4
1354115 (base 6) to base 16
12e3f
Convert -704322 (base 8) to base 10.
-231634
-461fe (base 16) to base 2
-1000110000111111110
Convert 21211002211020 (base 3) to base 8.
17663443
Convert -3cb4e (base 15) to base 3.
-100220101102
What is 56639 (base 16) in base 7?
3002426
What is 120023321 (base 5) in base 16?
85eea
Convert 36b4dd (base 14) to base 2.
111001001110010111011
What is -2607368 (base 9) in base 6?
-50254012
Convert -3131103030 (base 4) to base 3.
-1201001102000
What is 200465 (base 11) in base 13?
b3b2a
-51213 (base 14) to base 12
-94b95
Convert 1302133 (base 9) to base 14.
146b37
What is 11001100001011110101 (base 2) in base 4?
3030023311
81317 (base 9) to base 6
1051324
-118857 (base 10) to base 3
-20001001010
4859283 (base 10) to base 5
2220444113
Convert 365004 (base 8) to base 3.
20101002002
What is -26911 (base 15) in base 8?
-361225
What is 7da26 (base 15) in base 13?
110406
-57a8a